[INFO] cloning repository https://github.com/dwgill/city-of-citizens
[INFO] running `Command { std: "git" "-c" "credential.helper=" "-c" "credential.helper=/workspace/cargo-home/bin/git-credential-null" "clone" "--bare" "https://github.com/dwgill/city-of-citizens" "/workspace/cache/git-repos/https%3A%2F%2Fgithub.com%2Fdwgill%2Fcity-of-citizens", kill_on_drop: false }`
[INFO] [stderr] Cloning into bare repository '/workspace/cache/git-repos/https%3A%2F%2Fgithub.com%2Fdwgill%2Fcity-of-citizens'...
[INFO] running `Command { std: "git" "rev-parse" "HEAD", kill_on_drop: false }`
[INFO] [stdout] a63a10b71f492100b92612cb27fa0b16f53ec2c0
[INFO] checking dwgill/city-of-citizens against master#cfbc6d4cf1acbac5c025acf8ed68929caa551df3 for pr-75494-beta
[INFO] running `Command { std: "git" "clone" "/workspace/cache/git-repos/https%3A%2F%2Fgithub.com%2Fdwgill%2Fcity-of-citizens" "/workspace/builds/worker-14/source", kill_on_drop: false }`
[INFO] [stderr] Cloning into '/workspace/builds/worker-14/source'...
[INFO] [stderr] done.
[INFO] validating manifest of git repo https://github.com/dwgill/city-of-citizens on toolchain cfbc6d4cf1acbac5c025acf8ed68929caa551df3
[INFO] running `Command { std: "/workspace/cargo-home/bin/cargo" "+cfbc6d4cf1acbac5c025acf8ed68929caa551df3" "read-manifest" "--manifest-path" "Cargo.toml", kill_on_drop: false }`
[INFO] started tweaking git repo https://github.com/dwgill/city-of-citizens
[INFO] finished tweaking git repo https://github.com/dwgill/city-of-citizens
[INFO] tweaked toml for git repo https://github.com/dwgill/city-of-citizens written to /workspace/builds/worker-14/source/Cargo.toml
[INFO] crate git repo https://github.com/dwgill/city-of-citizens already has a lockfile, it will not be regenerated
[INFO] running `Command { std: "/workspace/cargo-home/bin/cargo" "+cfbc6d4cf1acbac5c025acf8ed68929caa551df3" "fetch" "--locked" "--manifest-path" "Cargo.toml", kill_on_drop: false }`
[INFO] [stderr]  Downloading crates ...
[INFO] [stderr]   Downloaded lyon_path v0.10.1
[INFO] [stderr]   Downloaded cpal v0.8.1
[INFO] [stderr]   Downloaded app_dirs2 v2.0.3
[INFO] [stderr]   Downloaded ole32-sys v0.2.0
[INFO] [stderr]   Downloaded claxon v0.3.1
[INFO] [stderr]   Downloaded zip v0.3.3
[INFO] [stderr]   Downloaded xdg v2.1.0
[INFO] [stderr]   Downloaded msdos_time v0.1.6
[INFO] [stderr]   Downloaded ogg v0.4.1
[INFO] [stderr]   Downloaded rusttype v0.5.2
[INFO] [stderr]   Downloaded gfx_window_sdl v0.8.0
[INFO] [stderr]   Downloaded inflate v0.4.2
[INFO] [stderr]   Downloaded lyon_geom v0.10.1
[INFO] [stderr]   Downloaded lyon_tessellation v0.10.2
[INFO] [stderr]   Downloaded gfx_device_gl v0.15.3
[INFO] [stderr]   Downloaded lewton v0.5.2
[INFO] [stderr]   Downloaded sdl2 v0.31.0
[INFO] [stderr]   Downloaded hyper v0.11.27
[INFO] [stderr]   Downloaded ggez v0.4.3
[INFO] [stderr]   Downloaded try-lock v0.1.0
[INFO] [stderr]   Downloaded alga v0.5.4
[INFO] [stderr]   Downloaded smart-default v0.2.0
[INFO] [stderr]   Downloaded crossbeam-utils v0.4.0
[INFO] [stderr]   Downloaded lyon v0.10.2
[INFO] [stderr]   Downloaded bzip2-sys v0.1.6
[INFO] [stderr]   Downloaded gfx_glyph v0.10.2
[INFO] [stderr]   Downloaded nalgebra v0.14.4
[INFO] [stderr]   Downloaded sid v0.5.0
[INFO] [stderr]   Downloaded xattr v0.2.1
[INFO] [stderr]   Downloaded tar v0.4.15
[INFO] [stderr]   Downloaded want v0.0.4
[INFO] [stderr]   Downloaded reqwest v0.7.3
[INFO] [stderr]   Downloaded libflate v0.1.15
[INFO] [stderr]   Downloaded serde_urlencoded v0.5.2
[INFO] [stderr]   Downloaded sdl2-sys v0.31.0
[INFO] [stderr]   Downloaded crossbeam-epoch v0.4.2
[INFO] [stderr]   Downloaded rodio v0.7.0
[INFO] running `Command { std: "docker" "create" "-v" "/var/lib/crater-agent-workspace/builds/worker-14/target:/opt/rustwide/target:rw,Z" "-v" "/var/lib/crater-agent-workspace/builds/worker-14/source:/opt/rustwide/workdir:ro,Z" "-v" "/var/lib/crater-agent-workspace/cargo-home:/opt/rustwide/cargo-home:ro,Z" "-v" "/var/lib/crater-agent-workspace/rustup-home:/opt/rustwide/rustup-home:ro,Z" "-e" "SOURCE_DIR=/opt/rustwide/workdir" "-e" "CARGO_TARGET_DIR=/opt/rustwide/target" "-e" "CARGO_HOME=/opt/rustwide/cargo-home" "-e" "RUSTUP_HOME=/opt/rustwide/rustup-home" "-w" "/opt/rustwide/workdir" "-m" "1610612736" "--user" "0:0" "--network" "none" "rustops/crates-build-env@sha256:a636fd89d022f18117e1dc8fb37a0a009933cdbbe082814857f0e2024962d47c" "/opt/rustwide/cargo-home/bin/cargo" "+cfbc6d4cf1acbac5c025acf8ed68929caa551df3" "metadata" "--no-deps" "--format-version=1", kill_on_drop: false }`
[INFO] [stdout] d3abf736f08035e134ea5844fbfccf34d59a94967f1cacfe64768a99afab3949
[INFO] [stderr] WARNING: Your kernel does not support swap limit capabilities or the cgroup is not mounted. Memory limited without swap.
[INFO] running `Command { std: "docker" "start" "-a" "d3abf736f08035e134ea5844fbfccf34d59a94967f1cacfe64768a99afab3949", kill_on_drop: false }`
[INFO] running `Command { std: "docker" "inspect" "d3abf736f08035e134ea5844fbfccf34d59a94967f1cacfe64768a99afab3949", kill_on_drop: false }`
[INFO] running `Command { std: "docker" "rm" "-f" "d3abf736f08035e134ea5844fbfccf34d59a94967f1cacfe64768a99afab3949", kill_on_drop: false }`
[INFO] [stdout] d3abf736f08035e134ea5844fbfccf34d59a94967f1cacfe64768a99afab3949
[INFO] running `Command { std: "docker" "create" "-v" "/var/lib/crater-agent-workspace/builds/worker-14/target:/opt/rustwide/target:rw,Z" "-v" "/var/lib/crater-agent-workspace/builds/worker-14/source:/opt/rustwide/workdir:ro,Z" "-v" "/var/lib/crater-agent-workspace/cargo-home:/opt/rustwide/cargo-home:ro,Z" "-v" "/var/lib/crater-agent-workspace/rustup-home:/opt/rustwide/rustup-home:ro,Z" "-e" "SOURCE_DIR=/opt/rustwide/workdir" "-e" "CARGO_TARGET_DIR=/opt/rustwide/target" "-e" "CARGO_INCREMENTAL=0" "-e" "RUST_BACKTRACE=full" "-e" "RUSTFLAGS=--cap-lints=forbid" "-e" "CARGO_HOME=/opt/rustwide/cargo-home" "-e" "RUSTUP_HOME=/opt/rustwide/rustup-home" "-w" "/opt/rustwide/workdir" "-m" "1610612736" "--user" "0:0" "--network" "none" "rustops/crates-build-env@sha256:a636fd89d022f18117e1dc8fb37a0a009933cdbbe082814857f0e2024962d47c" "/opt/rustwide/cargo-home/bin/cargo" "+cfbc6d4cf1acbac5c025acf8ed68929caa551df3" "check" "--frozen" "--all" "--all-targets" "--message-format=json", kill_on_drop: false }`
[INFO] [stdout] ad08ae17ce85d94b214c4287498eee96903336f9a0d3ba17acd2a97977fe6032
[INFO] [stderr] WARNING: Your kernel does not support swap limit capabilities or the cgroup is not mounted. Memory limited without swap.
[INFO] running `Command { std: "docker" "start" "-a" "ad08ae17ce85d94b214c4287498eee96903336f9a0d3ba17acd2a97977fe6032", kill_on_drop: false }`
[INFO] [stderr]    Compiling cfg-if v0.1.3
[INFO] [stderr]    Compiling cc v1.0.17
[INFO] [stderr]    Compiling num-traits v0.2.4
[INFO] [stderr]    Compiling futures v0.1.21
[INFO] [stderr]     Checking libc v0.2.42
[INFO] [stderr]    Compiling crossbeam-utils v0.4.0
[INFO] [stderr]    Compiling lazycell v0.6.0
[INFO] [stderr]    Compiling slab v0.4.0
[INFO] [stderr]    Compiling serde v1.0.66
[INFO] [stderr]     Checking byteorder v1.2.3
[INFO] [stderr]    Compiling matches v0.1.6
[INFO] [stderr]    Compiling safemem v0.2.0
[INFO] [stderr]    Compiling lazy_static v0.2.11
[INFO] [stderr]    Compiling num-integer v0.1.38
[INFO] [stderr]    Compiling httparse v1.2.4
[INFO] [stderr]    Compiling itoa v0.4.1
[INFO] [stderr]    Compiling bitflags v1.0.3
[INFO] [stderr]    Compiling adler32 v1.0.2
[INFO] [stderr]     Checking rustc-demangle v0.1.8
[INFO] [stderr]     Checking lazy_static v1.0.1
[INFO] [stderr]     Checking podio v0.1.6
[INFO] [stderr]     Checking hound v3.4.0
[INFO] [stderr]    Compiling iovec v0.1.2
[INFO] [stderr]    Compiling arrayvec v0.4.7
[INFO] [stderr]    Compiling time v0.1.40
[INFO] [stderr]    Compiling xattr v0.2.1
[INFO] [stderr]    Compiling alsa-sys v0.1.2
[INFO] [stderr]     Checking draw_state v0.8.0
[INFO] [stderr]    Compiling log v0.4.2
[INFO] [stderr]    Compiling net2 v0.2.32
[INFO] [stderr]    Compiling crossbeam-utils v0.3.2
[INFO] [stderr]    Compiling filetime v0.2.1
[INFO] [stderr]    Compiling unicode-bidi v0.3.4
[INFO] [stderr]    Compiling base64 v0.9.2
[INFO] [stderr]    Compiling proc-macro2 v0.4.6
[INFO] [stderr]     Checking inflate v0.4.2
[INFO] [stderr]     Checking gif v0.10.0
[INFO] [stderr]    Compiling xml-rs v0.7.0
[INFO] [stderr]     Checking app_dirs2 v2.0.3
[INFO] [stderr]     Checking stb_truetype v0.2.2
[INFO] [stderr]     Checking deflate v0.7.18
[INFO] [stderr]     Checking ogg v0.4.1
[INFO] [stderr]     Checking jpeg-decoder v0.1.15
[INFO] [stderr]    Compiling bytes v0.4.8
[INFO] [stderr]    Compiling syn v0.11.11
[INFO] [stderr]    Compiling cmake v0.1.31
[INFO] [stderr]     Checking rand v0.4.2
[INFO] [stderr]    Compiling tar v0.4.15
[INFO] [stderr]    Compiling crossbeam-epoch v0.4.2
[INFO] [stderr]    Compiling log v0.3.9
[INFO] [stderr]    Compiling mio v0.6.14
[INFO] [stderr]    Compiling idna v0.1.4
[INFO] [stderr]    Compiling unicase v2.1.0
[INFO] [stderr]    Compiling crc v1.8.1
[INFO] [stderr]    Compiling quote v0.6.3
[INFO] [stderr]     Checking gfx_core v0.8.2
[INFO] [stderr]     Checking lewton v0.5.2
[INFO] [stderr]    Compiling crossbeam-deque v0.3.1
[INFO] [stderr]     Checking msdos_time v0.1.6
[INFO] [stderr]    Compiling gl_generator v0.9.0
[INFO] [stderr]    Compiling libflate v0.1.15
[INFO] [stderr]    Compiling mime v0.3.7
[INFO] [stderr]    Compiling syn v0.14.2
[INFO] [stderr]    Compiling tokio-executor v0.1.2
[INFO] [stderr]    Compiling tokio-io v0.1.6
[INFO] [stderr]    Compiling tokio-service v0.1.0
[INFO] [stderr]    Compiling futures-cpupool v0.1.8
[INFO] [stderr]    Compiling want v0.0.4
[INFO] [stderr]    Compiling relay v0.1.1
[INFO] [stderr]     Checking rand v0.3.22
[INFO] [stderr]    Compiling openssl-sys v0.9.33
[INFO] [stderr]    Compiling miniz-sys v0.1.10
[INFO] [stderr]    Compiling backtrace-sys v0.1.23
[INFO] [stderr]    Compiling bzip2-sys v0.1.6
[INFO] [stderr]     Checking cpal v0.8.1
[INFO] [stderr]    Compiling tokio-threadpool v0.1.4
[INFO] [stderr]    Compiling tokio-timer v0.2.4
[INFO] [stderr]    Compiling url v1.7.0
[INFO] [stderr]     Checking num-traits v0.1.43
[INFO] [stderr]     Checking num-complex v0.1.43
[INFO] [stderr]     Checking twox-hash v1.1.0
[INFO] [stderr]    Compiling tokio-reactor v0.1.1
[INFO] [stdout] error[E0214]: parenthesized type parameters may only be used with a `Fn` trait
[INFO] [stdout]   --> /opt/rustwide/cargo-home/registry/src/github.com-1ecc6299db9ec823/twox-hash-1.1.0/src/number_streams.rs:67:23
[INFO] [stdout]    |
[INFO] [stdout] 67 |     fn count(self) -> usize() {
[INFO] [stdout]    |                       ^^^^^^^ only `Fn` traits may use parentheses
[INFO] [stdout] ...
[INFO] [stdout] 74 | number_stream!(U32FromBytes, u32, U32_BYTES);
[INFO] [stdout]    | --------------------------------------------- in this macro invocation
[INFO] [stdout]    |
[INFO] [stdout]    = note: this error originates in a macro (in Nightly builds, run with -Z macro-backtrace for more info)
[INFO] [stdout] 
[INFO] [stdout] 
[INFO] [stdout] error[E0214]: parenthesized type parameters may only be used with a `Fn` trait
[INFO] [stdout]   --> /opt/rustwide/cargo-home/registry/src/github.com-1ecc6299db9ec823/twox-hash-1.1.0/src/number_streams.rs:67:23
[INFO] [stdout]    |
[INFO] [stdout] 67 |     fn count(self) -> usize() {
[INFO] [stdout]    |                       ^^^^^^^ only `Fn` traits may use parentheses
[INFO] [stdout] ...
[INFO] [stdout] 75 | number_stream!(U64FromBytes, u64, U64_BYTES);
[INFO] [stdout]    | --------------------------------------------- in this macro invocation
[INFO] [stdout]    |
[INFO] [stdout]    = note: this error originates in a macro (in Nightly builds, run with -Z macro-backtrace for more info)
[INFO] [stdout] 
[INFO] [stdout] 
[INFO] [stdout] error: aborting due to 2 previous errors
[INFO] [stdout] 
[INFO] [stdout] 
[INFO] [stdout] For more information about this error, try `rustc --explain E0214`.
[INFO] [stdout] 
[INFO] [stderr] error: could not compile `twox-hash`.
[INFO] [stderr] 
[INFO] [stderr] To learn more, run the command again with --verbose.
[INFO] [stderr] warning: build failed, waiting for other jobs to finish...
[INFO] [stdout] error[E0713]: borrow may still be in use when destructor runs
[INFO] [stdout]    --> /opt/rustwide/cargo-home/registry/src/github.com-1ecc6299db9ec823/url-1.7.0/src/form_urlencoded.rs:261:40
[INFO] [stdout]     |
[INFO] [stdout] 259 | impl<'a> Target for ::UrlQuery<'a> {
[INFO] [stdout]     |      -- lifetime `'a` defined here
[INFO] [stdout] 260 |     fn as_mut_string(&mut self) -> &mut String { &mut self.url.serialization }
[INFO] [stdout] 261 |     fn finish(self) -> &'a mut ::Url { self.url }
[INFO] [stdout]     |                                        ^^^^^^^^ - here, drop of `self` needs exclusive access to `*self.url`, because the type `UrlQuery<'_>` implements the `Drop` trait
[INFO] [stdout]     |                                        |
[INFO] [stdout]     |                                        returning this value requires that `*self.url` is borrowed for `'a`
[INFO] [stdout] 
[INFO] [stdout] 
[INFO] [stdout] error: aborting due to previous error
[INFO] [stdout] 
[INFO] [stdout] 
[INFO] [stdout] For more information about this error, try `rustc --explain E0713`.
[INFO] [stdout] 
[INFO] [stderr] error: build failed
[INFO] running `Command { std: "docker" "inspect" "ad08ae17ce85d94b214c4287498eee96903336f9a0d3ba17acd2a97977fe6032", kill_on_drop: false }`
[INFO] running `Command { std: "docker" "rm" "-f" "ad08ae17ce85d94b214c4287498eee96903336f9a0d3ba17acd2a97977fe6032", kill_on_drop: false }`
[INFO] [stdout] ad08ae17ce85d94b214c4287498eee96903336f9a0d3ba17acd2a97977fe6032
